Let p be a(-2). Let w(g) = -g**3 + 4*g**2 + 3*g + 6. Calculate w(p).
-4
Let a(x) be the first derivative of -2*x + 1/2*x**2 + 1/3*x**3 - 3. Let g(j) = j**3 - 4*j**2 + j + 3. Let v be g(3). Determine a(v).
4
Let d be 1/(-2)*60/(-5). Suppose -2*l - 2*l + 2*w - d = 0, 2*l + 12 = 4*w. Let n(x) = -x**3 - x**2 - 4. What is n(l)?
-4
Let v(y) be the third derivative of -y**5/60 + 7*y**4/24 - y**3/3 + y**2. Let u be (-1)/(-3)*-10*15/(-10). What is v(u)?
8
Suppose -10 = g - 16. Let k(p) be the second derivative of p**5/20 - 7*p**4/12 + 7*p**3/6 - 9*p**2/2 + 4*p. Calculate k(g).
-3
Let z be -17*(1 + (0 - 0)). Let n = z - -28. Let r = 7 - n. Let q(x) = x**3 + 3*x**2 - 2*x + 1. What is q(r)?
-7
Let v(j) be the second derivative of -j**5/20 + j**4/4 + j**3/3 - j**2 - j. Suppose -16 = -3*w - 0*d + 4*d, 5*d = -2*w + 3. Determine v(w).
-10
Let k(x) = 5*x - 4. Let z(u) = 3*u - 3. Let j(m) = 5*k(m) - 8*z(m). Calculate j(-6).
-2
Let y(j) = -2*j + 4. Let c(x) = -x + 5. Let i(l) = 3*c(l) - 2*y(l). Let o(n) = -n + 9. Let d be o(15). Calculate i(d).
1
Let s(p) be the second derivative of p**5/20 + 5*p**4/12 + 7*p**3/6 + 3*p**2 + 26*p. Suppose -g - 8 = g. What is s(g)?
-6
Let u be -2 - (-6 + (1 - 3)). Let z(y) = 9*y - 7*y + 2 - 2 - 9. What is z(u)?
3
Let k be (3 - 2) + (0 - -6). Let f(j) = 2*j - 9. What is f(k)?
5
Let n(j) = 2*j**2 + 4*j - 4. Let i = -141 - -137. Give n(i).
12
Let s(r) = -2 + 3*r**3 + 2*r - 3*r**2 + 2*r - 2*r**3. What is s(2)?
2
Let v(d) be the third derivative of 5*d**2 + 1/8*d**4 + 0*d + 1/30*d**5 + 0 + 1/6*d**3. Give v(-2).
3
Let t(h) = -3*h + 1. Let u be t(-1). Let z be 6/10 - 7/(-5). Let o(n) = -2*n - 4 + 2*n**z + 5 + n - 4*n. What is o(u)?
13
Let c(x) = x + 7. Let y be (4 + -4)/((-4)/2). Let r = 0 - y. Give c(r).
7
Suppose 2*i = -2*i - k + 12, -5*i + k = -15. Let z(l) = 2*l**2 - l**3 - 3 + i*l**2 - 4 + 2*l + 1. Determine z(5).
4
Let q(f) = 13*f**2 - 11*f - 7. Let d(b) = 6*b**2 - 5*b - 3. Let k(j) = 9*d(j) - 4*q(j). Calculate k(1).
2
Let o(g) = g - g**2 + 6*g**2 - g**2 + 0*g**2. Suppose v = 5*v + 4. Determine o(v).
3
Let t = 0 + -1. Let z = t - -5. Let l(o) = 4*o - 6. Let k(y) = -7*y + 11. Let u(p) = 3*k(p) + 5*l(p). Calculate u(z).
-1
Let q(n) = -3*n + 4. Let x(c) = c - 2. Let u(r) = -2*q(r) - 5*x(r). Calculate u(-5).
-3
Let k(z) = z**3 + 2*z**2 - 2*z + 2. Suppose -4*j + 8 = -3*m - 2, j + 2 = 3*m. Suppose 8 = -2*w + m. What is k(w)?
-1
Suppose -5*c + 15 = 5*d - 0*d, -21 = -4*d + 5*c. Suppose -20 = 5*b - 5*x + x, 0 = -d*b + x - 5. Let h(r) = r**3 - r**2 - r + 9. Determine h(b).
9
Let k(f) = -f**3 + 14. Suppose -b + 5*h = 2*b - 5, 4 = -4*h. Give k(b).
14
Let d(k) be the first derivative of k**3/3 - 5*k**2 + 5*k - 19. Determine d(10).
5
Suppose -4*a - 9 - 3 = 0. Let z(r) = -15*r + 11. Let i(n) = 4*n - 3. Suppose -26 = u + 4*b, -4*b + b - 47 = 2*u. Let s(j) = u*i(j) - 6*z(j). Determine s(a).
-6
Let l(z) = -3*z**3 - 4 + 9*z**2 + 4*z**3 + 2 - 2. Determine l(-9).
-4
Let g(j) be the first derivative of j**7/840 - j**6/72 + j**5/24 - j**4/12 + j**3 - 3. Let s(z) be the third derivative of g(z). Give s(3).
-5
Let w(h) = -h**3 - 1. Suppose 2*x = x + 3*x. Give w(x).
-1
Let c(b) = -b**2 - 5*b + 6. Let u be c(-5). Let q(y) = -y**2 + 7*y - 5. Give q(u).
1
Let d(q) = 0*q + q - q**2 - 14 + 14. Determine d(3).
-6
Let s = 19 - 13. Let n(y) = -y**2 + 5*y + 7. Determine n(s).
1
Let p = -6 + 9. Suppose 3 = 4*c + i, -5*c = -6*i + p*i - 8. Let v(b) = -11*b + 9*b + 9*b. What is v(c)?
7
Let u(l) = 2*l + 1. Let b be u(1). Let a(v) = 0*v + 3*v - b - 2 - 4*v. Let c = 3 + -3. Determine a(c).
-5
Let n(k) = -k**2 + 7*k - 3. Suppose -5*a + 5*p - 2 = 3, -5*a + 35 = 3*p. Give n(a).
9
Let l(y) = y**3 - y**2 - y - 3. Let k(s) = -s**3 - 6*s**2 - 3*s + 1. Let i be k(-5). Let c = -9 - i. What is l(c)?
-3
Let m(p) = 3. Let z(b) = b + 17. Let j(k) = -34*m(k) + 6*z(k). Give j(1).
6
Let n = 10 + -20. Let t = -6 + -1. Let u = n - t. Let a(v) = -4*v - 4. Determine a(u).
8
Let n = 7 - 9. Let v(c) = 6*c + 10. Let f(u) = -3*u - 5. Let a(z) = n*v(z) - 5*f(z). What is a(-5)?
-10
Let i(a) be the first derivative of 1/2*a**4 + 4/3*a**3 + 1 - a + a**2. Calculate i(-2).
-5
Let v(k) = -5*k**2 + 6*k + 15. Let f(c) be the first derivative of -c**3/3 + c**2/2 + 3*c + 2. Let w(l) = 11*f(l) - 2*v(l). Give w(-3).
-3
Let z(f) be the third derivative of -f**6/360 - f**5/40 - f**4/24 - f**3/6 - 2*f**2. Let y(u) be the first derivative of z(u). What is y(-3)?
-1
Let v(b) be the second derivative of 2*b**3/3 + 3*b**2/2 - b. Let y(j) = -2*j - 3*j - 3 + 7 + 4*j**2 - j**3. Let f be y(3). Calculate v(f).
-5
Let z be (-9)/(-6)*50/(-15). Let p(a) = -a**2 - 6*a + 1. Calculate p(z).
6
Let b(t) = -t**2. Let l be b(-1). Let a be 1*(2 + 4*l). Let n(p) = 3*p + 2. Determine n(a).
-4
Let b(x) be the second derivative of 0 + 5*x - 1/6*x**3 + 3*x**2. Let j be 4 + (-4 + 2 - -2). Give b(j).
2
Let s(o) = -8*o + 7*o + o - o. Let l be s(6). Let n(v) = v**2 + 5*v - 7. Give n(l).
-1
Let t(f) = -3*f**2 + 2*f + 2. Let h(b) = -b**2 - b. Let v(d) = -4*h(d) + t(d). Give v(-5).
-3
Suppose 0 = 4*z + 10 - 2. Let l(i) = -6*i**2 - i + 27. Let h(k) = k**2 - 5. Let t(y) = -11*h(y) - 2*l(y). Calculate t(z).
1
Let x(j) = j**3 + 9*j**2 - 10*j + 7. Suppose 23*k + 12 = -218. Calculate x(k).
7
Let p(k) = -8*k**2 - 3*k - 2. Let c(d) = 17*d**2 + 7*d + 5. Let w(o) = -2*c(o) - 5*p(o). Calculate w(-1).
5
Let z = 17 + -31. Let g = z - -8. Let v(x) = -x**2 + 5*x**2 + 3 + 6*x - 3*x**2. Calculate v(g).
3
Let i(p) = 6*p**3 + 41*p**2 - 14*p + 25. Let d(b) = -b**3 - 8*b**2 + 3*b - 5. Let o(n) = -11*d(n) - 2*i(n). Give o(5).
5
Let b(l) = 6*l**3 + 3*l**2 - 7*l + 2. Let o(t) = t**3 + t**2 - t + 1. Let f = -6 - -11. Let r(c) = f*o(c) - b(c). Determine r(3).
0
Let a(k) = -k**3 - 3*k**2 + 5*k + 2*k**2 + 3*k**2 - 6*k**2 - 1. Determine a(-5).
-1
Let a(q) be the third derivative of -3*q**2 + 0 + 1/24*q**4 - 1/3*q**3 + 1/120*q**6 + 0*q - 1/12*q**5. Determine a(5).
3
Let w(v) = 6*v + 3. Let j be w(-1). Let a(m) = -2*m**2 - m + 4. What is a(j)?
-11
Let h(s) = -s**3 + 4*s**2 - 2*s - 2. Let j(c) = -4*c - 3. Let q be j(-2). Suppose i - v + 7 = 2*v, 4*i - v - q = 0. Calculate h(i).
2
Let i(v) be the third derivative of v**4/12 + v**3/2 - 8*v**2. What is i(3)?
9
Let c = -31 + 26. Let p(t) = -t**3 - 5*t**2 - 3*t - 2. What is p(c)?
13
Let z(a) = -a**3 - a - 1. Let q(n) = -3*n**3 - n + 2. Let o(j) = q(j) - 2*z(j). Determine o(0).
4
Let t(s) = -2*s + 6*s - 1 - 3*s - s**2 + s**3. Calculate t(0).
-1
Suppose 3*h = -2*x + 29, 4*h + x = 5*h - 3. Let d(n) = n**3 - 7*n**2 - n + 10. Give d(h).
3
Let g(z) be the first derivative of -z**3/3 - z**2/2 - 2*z - 1. Determine g(0).
-2
Let m(c) = c**3 + 6*c**2 + 5*c - 1. Suppose 20 = -0*v - 5*v. What is m(v)?
11
Suppose 3*q - 13 = i, -5*i - 14 = -0*i + 2*q. Let k(s) = -2*s**2 - 5*s - 1. Give k(i).
-13
Let n(i) = 2*i**3 + i**2 - 2*i + 3. Let m(b) = b**2 + b. Let p(v) = 2*m(v) - n(v). Calculate p(2).
-7
Let y(z) be the first derivative of -1/3*z**3 - 5/24*z**4 + 0*z + 2 - 1/60*z**5 + 1/2*z**2. Let j(o) be the second derivative of y(o). Calculate j(-3).
4
Let k(v) be the first derivative of v**2/2 - 7*v - 4. What is k(0)?
-7
Let j = -4 - -5. Suppose 5*o = -6 + j. Let v = o - -1. Let b(z) = z + 1. Calculate b(v).
1
Let n(g) be the first derivative of 9*g**4/4 + g**3/3 - g**2/2 - 19. Calculate n(1).
9
Let j(w) = -8*w - 9. Let u(z) = -9*z - 10. Let i = -5 - 2. Let b(x) = i*j(x) + 6*u(x). Give b(-4).
-5
Suppose 3*f + 2 = 2*z, -z = 2*z - 3*f. Let k(b) = -5*b - 11. Let p(j) = 2. Let s(c) = k(c) + 6*p(c). Calculate s(z).
11
Suppose 8 = -2*f - 0. Let z = f + 8. Suppose 1 = -z*v + 5. Let m(l) = 6*l**3 + l**2 + l - 1. Give m(v).
7
Suppose -2*f - 7 + 1 = 0. Let m(k) = k + 2. Let o be m(f). Let s(r) = 8*r**2 + 2*r. Let d(c) = 4*c**2 + c. Let q(x) = 13*d(x) - 6*s(x). Give q(o).
3
Let r(p) be the third derivative of -p**4/24 - 7*p**3/6 + 2*p**2. Determine r(-5).
-2
Let z = 8 - 5. Let r = -2 + z. Let g be 3 - (0 - -2*r). Let c(k) = 3*k**2 + k - 1. Calculate c(g).
3
Let y = 11 + -10. Let x(o) = -14*o - 4. Let u(k) = 9*k + 3. Let i be (-30)/4*(-4)/6. Let g(b) = i*x(b) + 7*u(b). Give g(y).
-6
Let b(h) be the third derivative of h**4/24 - h**3/2 + 2*h**2. Suppose -3*a + 45 = -k, 225 = -5*k + 3*a + 2*a. Let d be (4/6)/((-10)/k). What is b(d)?
0
Let l be (12/(-8))/((-1